x(f) = f**2 + 7*f + 6. Suppose 3 = k + 2*d - d, 4*k = 5*d + 57. Let t(z) = z**2 - 9*z + 1. Let o be t(k). Determine x(o).
6
Suppose 3*t + 0 = 4*h - 3, 0 = -2*t - 5*h - 2. Suppose 0 = -6*b + 3*b + 12. Let v = t - b. Let d(a) = -a**3 - 5*a**2 + a + 6. Calculate d(v).
1
Let q(i) be the first derivative of i**3/3 - i**2/2 - i + 2. Let u be q(0). Let a(f) = 2*f - 1. Calculate a(u).
-3
Let d(n) = 3*n - 5. Let m(v) = 4*v + 3. Let r be m(-3). Let j be (-170)/(-45) - 2/r. What is d(j)?
7
Let n(w) = -w**3 + 3*w - 3. Let r = 1 - 4. Let o be n(r). Suppose 2*q + o = 3. Let v(j) = j**3 + 5*j**2 - 6*j. Determine v(q).
0
Let x(l) = -38*l - 2 + 2 + 44*l. What is x(1)?
6
Let i(s) be the third derivative of s**5/60 - 7*s**4/24 - 7*s**3/6 - 2*s**2. Let l be i(8). Let k(j) = -7*j**3 + j**2 - j + 1. Give k(l).
-6
Let m(i) = 0*i**3 - i**3 - 6 - i - 6*i**2 + 1. Suppose -5 = t + 1. Determine m(t).
1
Let f(v) be the second derivative of -v**5/20 - v**4/4 + v**3 + 3*v**2/2 + v. Suppose 3*q - 2*r = -18, 0*q - 2*r - 6 = 3*q. Give f(q).
-5
Let p(u) = -2*u**3 + 5*u**2 - 5*u + 4. Let b = -45 - -48. What is p(b)?
-20
Let c(k) = -k**2 + 7*k + 2. Let l be (-69)/(-15) + (-6)/(-15). What is c(l)?
12
Let g(z) = -z. Let n(o) = o**2 + 6*o + 1. Let f(p) = g(p) + n(p). Calculate f(-7).
15
Let i(m) be the third derivative of -6*m**2 + 1/12*m**5 - 1/12*m**4 + 0 + 0*m - 1/6*m**3. Give i(-1).
6
Suppose -6*u + 5 = -5*y - u, u = 1. Suppose y*d - d = -4. Let p(m) = -2*m**2 + 3*m**2 + d + 5*m - 5 + 0*m**2. Calculate p(-5).
-1
Suppose 2*c = 4 - 6. Let m be (c/(-2)*0)/2. Suppose m = 2*w + w. Let x(b) = b**2 + b + 2. Calculate x(w).
2
Let d = 7 + -7. Let h(w) = 2*w + 3 - w - 14. What is h(d)?
-11
Let k(j) = j**2 + 6*j - 1. Let h(x) = x**2 + 15*x + 7. Let g be h(-14). What is k(g)?
6
Let a(r) = -r**2 - 4*r - 5. Let b(h) = h - 1. Let t(u) = u**3 + 5*u**2 - 6*u - 1. Let l be t(-6). Let q(s) = l*a(s) + 3*b(s). What is q(-5)?
-8
Let j(b) = b**2 - 4*b - 2. Let h be j(4). Let u(n) = 3*n + 3. Let c be u(h). Let r(d) = d + 1. Give r(c).
-2
Let r(y) = y + 1. Suppose b + 4 = 3*b. Let h(w) = -w - 3. Let u(c) = b*r(c) + h(c). Calculate u(1).
0
Let o(u) = -u**3 + u**2 - u. Let v be o(0). Let l(s) = -4*s + 5 - 6 + v. Let r(b) = -b**3 - 5*b**2 - 1. Let y be r(-5). Calculate l(y).
3
Suppose 0 = 4*g - 3*x + 4*x + 23, x + 8 = -g. Let u(b) be the first derivative of -b**3/3 - 3*b**2 + 4*b - 1. What is u(g)?
9
Let b = -4 - -5. Let g = 1 + b. Let m(n) = -g*n - 4 + 4*n**2 - n**3 + 0 + n. Give m(3).
2
Let p(q) = 2*q**3 + 2*q**2 + 4*q + 2. Suppose -20 + 4 = 8*a. Give p(a).
-14
Let d(l) = l**3 + l**2 - 2*l + 1. Let f be d(2). Let p(a) = 2*a**2 - f*a**3 - a + 0*a**2 + 0*a**2. Calculate p(1).
-8
Let x(y) be the second derivative of y**4/12 - 5*y**3/3 - 3*y**2/2 - 33*y - 1. Give x(8).
-19
Suppose 0 = -2*x - 3*x + 10. Let c(r) = 3*r. Let f be c(2). Suppose -f = -4*k + x. Let i(a) = a**3 - a**2 - 3*a + 3. Determine i(k).
1
Let z(n) = -n + 3. Let y(r) = -r + 7. Let s(w) = -2*y(w) + 5*z(w). Calculate s(-2).
7
Suppose 0 = -4*t + 14 + 6. Let r(i) = i**2 - 13*i + 6. Let c(p) = p**2 - 12*p + 6. Let b(x) = t*r(x) - 6*c(x). Let w be (-76)/(-16) - 2/(-8). Determine b(w).
4
Let g(p) = 2*p + 2. Let c be g(5). Let a = -26 + 39. Suppose -a = 5*s + c. Let h(n) = -n**3 - 4*n**2 + 4*n - 3. Calculate h(s).
2
Suppose -3*l + 5*f - 3 = 0, -l + 3*l - 11 = -f. Let r(p) = p**2 - 4*p - 4. What is r(l)?
-4
Let h(u) = -u**2 - 5*u + 7. Suppose 5*q - 4 - 5 = 2*t, -4*q = 5*t + 39. Give h(t).
-7
Let q(t) = -t - 10. Suppose k + 3*k = 0. Let n be (0 - k) + 15/(-3). Calculate q(n).
-5
Suppose -3*o = -5*j + 25, 0*o + 42 = 4*j + 2*o. Let g = 2 - j. Let l = -10 - g. Let y(m) = -m - 4. Calculate y(l).
0
Let d(m) be the third derivative of 0*m + 6*m**2 + 2/3*m**3 + 0 + 1/24*m**4. Calculate d(-4).
0
Suppose 0 = d + 2*d + 3. Let p(h) = 21*h - 2. Let r(n) = 11*n - 1. Let l(v) = 3*p(v) - 5*r(v). What is l(d)?
-9
Let f(d) = -d. Let a = -1 + 3. Let h be (a/(-3))/(2/(-18)). Calculate f(h).
-6
Let g be (-5)/10*(-5 - 1). Suppose g*h = -2*h. Let t(p) = 0*p**3 + h*p + p + 5*p**3. Give t(-1).
-6
Suppose 6*n = 9*n - 15. Suppose -n*g - 13 = -3. Let f(u) = 2*u + 3. What is f(g)?
-1
Let q(w) be the first derivative of 10*w + 2 + 0*w**3 - 1/4*w**4 - 1/2*w**2. Let f = 0 + 0. Determine q(f).
10
Let d(t) = t**2 + t. Let k be d(-2). Let f(v) = 4*v**2 - v - 1. Determine f(k).
13
Let s = -695/8 - -87. Let v(o) be the third derivative of 0 - 1/120*o**6 + 0*o + 0*o**5 + s*o**4 - 1/3*o**3 - 4*o**2. Give v(2).
-4
Let t(r) be the second derivative of -5*r**3/6 - 4*r. Let p be (2 - 3)*(-3 + 2). Determine t(p).
-5
Let r(a) = 22*a**2 - 12*a**2 + 5*a - a**3 + 1 - 6*a**2. Determine r(5).
1
Let k(q) = q + 0*q + 4*q - 6*q + 6. What is k(7)?
-1
Suppose -6*p - 18 = -4*b - p, 0 = 4*b + 4*p. Let s(x) = -x**3 + x**2 + 2*x - 2. Calculate s(b).
-2
Let y(s) be the third derivative of s**5/60 + s**4/8 + s**3/6 - 2*s**2. Suppose -2*k - k - 12 = 0. What is y(k)?
5
Let a(w) = 5*w - 9 - w**2 - 6*w - 7*w. Suppose 0 = -d - 3*n - 0*n + 9, 5*d + 15 = -3*n. Calculate a(d).
3
Suppose -u + 5*l + 29 = 0, 7*l + 13 = -3*u + 2*l. Let w(r) be the third derivative of r**4/24 - 5*r**3/6 - 28*r**2 + 2. Give w(u).
-1
Let z(r) = r**2 + 3*r - 26. Let t be z(-6). Let q(k) = -k**3 - 8*k**2 - 2*k - 11. Give q(t).
5
Let a = 77 - 75. Let n(j) = -4*j + 4. What is n(a)?
-4
Let j(b) be the second derivative of -b**5/20 - b**4/6 + 5*b**3/6 + 2*b**2 - 7*b. What is j(-3)?
-2
Let p(x) = x - 2 + 19*x - 13*x. What is p(-2)?
-16
Suppose -2*y = -3 - 7. Suppose y*b = b + 12, -w = b - 1. Let g(p) = 2*p - 2. Calculate g(w).
-6
Let n(x) = -x**2 + 5*x + 4. Let t(m) = -m**2 + 4*m + 3. Let b(l) = -5*n(l) + 6*t(l). Determine b(-3).
-8
Let m(s) = 2*s - 9. Let q be m(3). Let t(w) = 2*w**3 + 5*w**2 + 4*w + 2. Determine t(q).
-19
Let w = 17 + -22. Let k(h) = 2*h. What is k(w)?
-10
Let g be (0 - (-3 - 0)) + 2. Let u(a) = a**2 - 6*a + 3. Calculate u(g).
-2
Let k(t) = -t**2 + 6*t + 3. Let q(c) = -c. Let w(x) = k(x) + 2*q(x). What is w(4)?
3
Let f(l) = -6*l**2 + 6*l - 7. Let s(n) = -5*n**2 + 5*n - 6. Let t(b) = 4*f(b) - 5*s(b). Let u(m) = -m**3 - 5*m**2 - 5*m - 2. Let h be u(-4). Calculate t(h).
4
Let f(b) be the first derivative of b**3/3 - 3*b**2/2 - 3*b + 10. Determine f(5).
7
Suppose 4*o - f = -14 - 0, -5*f - 18 = 2*o. Let x(t) be the third derivative of 0 + 1/8*t**4 + 1/6*t**3 + 0*t - 4*t**2. Determine x(o).
-11
Let o(x) = 2*x**2 + 2*x - 2. Let z be o(-2). Let g(h) be the first derivative of -2*h**3/3 + h**2/2 + 6. Calculate g(z).
-6
Let h(g) be the first derivative of -g**3/3 + 17*g - 5. Give h(0).
17
Let x(z) be the third derivative of 0*z**4 - 2*z**2 + 0 + 0*z - 1/6*z**3 + 1/10*z**5. Determine x(-1).
5
Let g(k) be the third derivative of -k**5/60 - 5*k**4/24 - k**3 + 32*k**2. Determine g(-5).
-6
Let h(f) = f**2 + 2*f. Suppose -41 = 5*n - 31. What is h(n)?
0
Let c = -15 + 9. Let g(w) = 10*w + 18. Let t(l) = -3*l - 6. Let b(u) = -2*g(u) - 7*t(u). Determine b(c).
0
Suppose 3*z + 12 = 5*z + 4*x, 4*z + 5*x = 15. Let h(r) be the third derivative of 0*r + r**2 - 1/60*r**5 - 1/2*r**3 - 1/6*r**4 + z. Give h(-3).
0
Let f(x) = x**2 - 6*x + 1. Suppose 0 = 7*p - 2*p. Let q be 1/4 - (-47)/4. Suppose p = 4*v - q. Determine f(v).
-8
Suppose -11*u = -8 + 19. Let q(l) = -4*l + 1. Give q(u).
5
Let f(p) = -3. Let o(v) = -v - 2. Let i(u) = f(u) + o(u). Let c(t) = -3*t - 1. Let k be c(2). Give i(k).
2
Let z(i) = -11*i**2 - i. Let f(a) = -a - 10. Let b be f(-14). Let s = -5 + b. What is z(s)?
-10
Let r be (-5 + 1)/(2 + -3). Suppose 16 = 2*g + 4*n, 0 = -r*g - n + 3 + 8. Let t(b) = -11*b - 1. Let c(u) = 32*u + 2. Let s(y) = 4*c(y) + 11*t(y). Give s(g).
11
Let n(g) = 11*g + 1. Let o = -48 - -49. What is n(o)?
12
Let a(y) = -5*y**3 + y - 3*y**2 - 3*y**3 + 12*y**2 - 3 + 7*y**3. What is a(9)?
6
Let f(k) be the first derivative of k**4/4 - 2*k**3 + 2*k**2 - 5. Give f(5).
-5
Let b(k) = -4*k**3 + k**2 - 3*k - 13. Let l(m) = -m**3 - m - 1. Let u(j) = b(j) - 3*l(j). Determine u(0).
-10
Let b(p) = p + 2. Suppose 0 = -4*d - 3*o + 15, 0 = 5*d - 4*o + 21 - 1. Suppose d = -4*g - g. Let t = 0 + g. Calculate b(t).
2
Suppose 3*h - 8 = 1. Suppose -2*g - h*g = 0. Let m(f) = -f**2 - f - 5. Calculate m(g).
-5
Let y(v) = -3 - 3 + v**2 - 2*v**2 + 2*v + 6*v. What is y(4)?
10
Let o(r) be the sec